e number?
False
Suppose 3*o + 6 = o. Let m = -16 + 7. Is (33/m)/(1/o) prime?
True
Suppose -423 = -5*h + 167. Is h a prime number?
False
Suppose 0 = 4*i + 3 - 11. Let m be -23 - ((1 - i) + 0). Let x = 37 + m. Is x a prime number?
False
Let y(h) = -57*h + 1. Let i be y(-2). Suppose 4*f + 67 = 2*n - i, 5*f - 218 = -2*n. Suppose -n = d - 4*d. Is d a composite number?
True
Let l = -6 + 6. Suppose 0*n - 3*n + 3 = l, -2*i = 4*n + 134. Let s = i - -122. Is s composite?
False
Suppose -236 = 2*b - 0*b. Let s = b - -275. Is s composite?
False
Let l = 97 + -146. Let y = -30 - l. Is y a prime number?
True
Suppose -5*t - t + 114 = 0. Is t a prime number?
True
Suppose v + 4*v = 575. Is v a prime number?
False
Let w(r) = -54*r - 5. Let s(c) = c**3 - c**2 + c + 6. Let f be s(0). Let l = 2 - f. Is w(l) a prime number?
True
Let n be (-92)/(-6)*36/(-6). Let t = -55 - n. Is t a prime number?
True
Suppose 118 = -3*a + 409. Let s = a + -208. Is s/6*-2*1 composite?
False
Suppose 7 = -4*o + 3*o + 3*v, -o = 3*v - 11. Suppose -2 = o*g, 6*g - g = -5*t + 70. Is t composite?
True
Suppose -2*i - 26 = -182. Let n = -49 + i. Is (-2)/(-2) + 5 + n composite?
True
Let i be (-5 - 12/(-4)) + 7. Let a(k) = 18*k - 1. Is a(i) prime?
True
Let n(k) = -37*k - 3. Is n(-8) a prime number?
True
Suppose 5*q + 33 = 108. Suppose -2*l + 31 + q = 0. Is l a prime number?
True
Suppose 0 = -5*h + 2 + 198. Suppose k = -5 + h. Is k prime?
False
Let s(m) = 3*m**2 - m - 1. Let f be 3 + 1*(-3)/3. Suppose 10 + 0 = -f*l. Is s(l) composite?
False
Let q = 1961 + -874. Is q prime?
True
Is -1 + (-2)/(-2) + 59 a prime number?
True
Let v = -133 - -79. Let b = v + 87. Is b a composite number?
True
Suppose 2*g - 14 = 4. Let y(r) = 3*r**2 - 5*r + 1. Let h(l) = -3*l**2 + 4*l. Let n(o) = -3*h(o) - 2*y(o). Is n(g) prime?
True
Suppose 0 = -f - 2, -5*c + c - f - 82 = 0. Is ((-4)/6)/(c/930) composite?
False
Let y be 6/27 + (-988)/(-9). Suppose -c - 4*c - 2*j = -264, 0 = 5*c + 3*j - 266. Let x = y - c. Is x composite?
True
Let i(p) = -p + 12. Let o be i(9). Suppose j = -o + 1. Is (-1 - j)/(4/24) prime?
False
Let o(j) = -2*j. Let w be o(1). Let d be (2 + -1)/(w/260). Let a = d + 199. Is a composite?
True
Suppose 0 = 5*q - 0*q. Let l be (q - 0)/1*1. Suppose 0 = -5*h + 5*u - 2*u + 136, 2*h - 2*u - 56 = l. Is h a prime number?
False
Is (-3 - 434)*(0 + -1) a composite number?
True
Let r = 1 - -1. Let c(v) = -3*v**r + 10 + 5*v**2 + v - 4. Is c(11) a composite number?
True
Let f = -6 - -8. Suppose f*c - 104 - 14 = 0. Let u = 162 - c. Is u a prime number?
True
Is -2 + 558 + -1 + -2 composite?
True
Suppose -w - 4*w - 4*o = -37, -26 = -4*w - 2*o. Suppose 4*v + 29 = 9, -w*v = -4*m + 17. Is (m/(-6))/(1/93) a composite number?
False
Suppose -2*q - n + 14 = -19, 4*n + 48 = 4*q. Is q composite?
True
Suppose j + 69 = 2. Let l = 97 + j. Suppose 4*z + 3*y = 216, -l = z - 5*y - 107. Is z composite?
True
Let j = 98 - -115. Is j a prime number?
False
Let i = 806 + -483. Is i prime?
False
Let j(b) = -b**3 + 6*b**2 - 4*b - 7. Let t be j(5). Is t/(-11) + 40/22 prime?
True
Let f be ((-30)/(-25))/(4/30). Let a be 15/f*(-1 + -2). Let h = a + 12. Is h a composite number?
False
Suppose -5*w + 12 = -3*w. Let b(x) = -3 + 3*x - 4 + 0*x + 3. Is b(w) a composite number?
True
Let x be (18/(-5))/((-6)/20). Let d = 6 - x. Is (d + 1)*-24 + -1 composite?
True
Suppose 2 = 2*r - 2*n, -5*n + n + 4 = 0. Suppose -r*l + 10 = 0, -5*l = -w - w + 27. Is w a composite number?
True
Let f(q) = -q**3 + q + 11. Let s be f(0). Let r = 37 - s. Is r a composite number?
True
Let g(k) = 25*k**3 - k**2 + 2*k - 1. Let t(v) = -v**3 - 8*v**2 - 6*v + 8. Let c be t(-7). Is g(c) composite?
True
Let d = -9 + 21. Suppose t = 6*t - c - d, 2*c = -2*t. Is -1*(-8 + t + 0) composite?
True
Let m be (-4)/1*5/4. Let o = -11 - m. Let s = o + 19. Is s composite?
False
Let j = 0 - -2. Let f = 68 - 66. Suppose 5*l = -t + 3*t + 343, f*l - j*t = 142. Is l prime?
True
Suppose -4*t + 5 = -7. Let b = 25 + -16. Suppose -g + 4*g = -2*z + 71, -b = -t*g. Is z a prime number?
True
Let k be 8346/7 - (-4)/(-14). Let b be (k/(-20))/(1/(-5)). Let m = -203 + b. Is m composite?
True
Suppose -2*k + 2*w + 3 = -995, -1497 = -3*k + 5*w. Is k a prime number?
True
Suppose 0 = -s - 4*s - 2*p + 13047, -2*p + 7829 = 3*s. Is s a composite number?
False
Is ((-1)/(-4))/((-9)/(-2124)) a composite number?
False
Suppose 0 = 3*f - 2389 - 4142. Is f prime?
False
Let j be 443 + -3*(-6)/9. Suppose 178 = -2*b + i, -j = 5*b - 4*i - i. Let f = -36 - b. Is f a composite number?
False
Let d(i) = -i**2 - 23*i - 15. Is d(-17) a composite number?
True
Suppose -4*m - 260 = 4*u, 4*u = -3*m + 7*m + 276. Let o = 24 + -58. Let t = o - m. Is t prime?
False
Let j(t) = t**3 + 3*t**2 + 2*t - 3. Let i be 40/(-12) + 2/(-3). Let h be j(i). Is (-2)/(-9) - 183/h a prime number?
True
Let z(n) = 29*n**2 + 3*n - 3. Is z(-5) a composite number?
True
Let t(h) = 12*h**3 - h**2 + 3*h - 7. Is t(3) composite?
False
Let x(q) be the first derivative of 5*q**3/3 + q - 1. Let y = -2 + 3. Is x(y) a composite number?
True
Let j = -143 - -1210. Is j a composite number?
True
Is (-71725)/(-225) - 4/(-18) composite?
True
Is (-4 - -3)/(-1)*3 a prime number?
True
Suppose 0 = -t - 5, -27 = -3*h + h + 5*t. Let n(w) = 37*w**2 + w. Let m be n(h). Suppose 0*y + m = r + 3*y, 2*r - 101 = -y. Is r prime?
True
Let i be (-18 - -2)/(-4) + 4. Suppose -365 + i = -3*l. Is l prime?
False
Let p = 5413 - 1076. Is p prime?
True
Let g = 14 + -11. Suppose g*h - 3*i - 771 = 0, 4*h - 602 - 426 = -2*i. Is h a prime number?
True
Let l = -367 + 998. Is l a composite number?
False
Suppose -2*r + 494 - 136 = 0. Is r composite?
False
Let k = 998 - 365. Is k prime?
False
Let l be (4/(-12))/((-2)/12). Let q be (-1 - l - 0) + 0. Is (-9)/(q - 0) - -84 composite?
True
Let t = -16 + 24. Suppose -3*n - 345 = -t*n. Is n a prime number?
False
Suppose 0 = -6*i - 1197 + 14199. Is i composite?
True
Is ((-2)/4)/(16/(-197536)) composite?
False
Suppose 2*o + 0*o - 6 = 0. Suppose o*k - 297 = -0*k. Suppose k = 3*i - 0*i. Is i composite?
True
Suppose -3*a = -41 - 106. Is a prime?
False
Let n = -2 - 6. Let m be n + 0 + (3 - 3). Let t = m + 11. Is t prime?
True
Suppose 4*z - 728 = -5*v, z + v - 1 = 182. Is z a composite number?
True
Let h(n) = n**3 - 8*n**2 + 8*n + 1. Let j be h(8). Is j/2 + (-1)/(-2) a composite number?
True
Suppose 6*i = 8*i - 3642. Is i prime?
False
Let p be (4 - 5)*1192/(-4). Let u = p + 657. Is u a prime number?
False
Let u = 528 - -713. Is u composite?
True
Let w be 68/6 + (-4)/(-6). Let i(y) = y + 11. Let d be i(w). Let t = 2 + d. Is t composite?
True
Suppose 3*i + f - 13 = 0, -3*i + 0*f = 3*f - 21. Let u(k) = 5*k**2 + 4*k - 2. Is u(i) composite?
True
Suppose 2*c + 0*r - 2059 = -5*r, 5131 = 5*c - 4*r. Is c a prime number?
False
Let m be (-9)/15 - (-37)/(-5). Is (8 - 12)*26/m composite?
False
Suppose -2 = 5*l - 12. Suppose c + l = 9. Is c composite?
False
Let u(n) = -n**2 + 9*n - 10. Let j be u(7). Suppose w + 4 = 0, -143 = y - j*y - w. Is y a prime number?
False
Let a = 6 + -1. Suppose -a*d + 536 + 919 = 0. Is d composite?
True
Let n be (-10)/45 - 346/(-18). Suppose -5*s - 126 = n. Let u = s + 84. Is u prime?
False
Is (-17164)/42*6/(-4) a prime number?
True
Suppose 3*y = -y + g + 2535, -2*g - 3165 = -5*y. Is y prime?
False
Let y(c) = c**3 - 4*c**2 - 4*c - 2. Let h be y(5). Suppose p + 6 = h*j - 1, 5*j - 4*p - 14 = 0. Suppose -110 = -j*i - 3*i. Is i a prime number?
False
Is 6/3*(2 - -101) a composite number?
True
Let u(p) = p + 8. Let s be u(-6). Let o = 12 + s. Is o a prime number?
False
Let w(v) = -11*v + 3 - 7*v - 2. Is w(-7) prime?
True
Is ((-3208)/(-16))/((-1)/(-2)) a prime number?
True
Suppose 0 = s - 2 - 4. Is ((-175)/15)/((-2)/s) composite?
True
Suppose x - 6159 = -3*l, -2*l - x = 3*x - 4106. Is l a composite number?
False
Is (-7)/(-2)*(-444)/(-6) composite?
True
Suppose -3*l + 2005 = -0*l - v, -2*l - 4*v + 1318 = 0. Is l prime?
False
Suppose y - 155 = 345. Suppose -2*m + y = -0*m. Suppose -m + 20 = -2*d. Is d a composite number?
True
Suppose -5 = -2*f + 1. Suppose 4 = -i + 3, 0 = -a - f*i - 14. Is (1 - a)*(-6)/(-8) prime?
False
Suppose -4 = 4*p - 3*u, 5*p - 5*u = -15 + 5. Let s = -2 - 0. Is s/p*(-88 - 1) a composite number?
False
Let r be -1*(1 + 6/3). Let t(w) = -w**3 - 2*w**2 + 3*w 